t is 4 + 2166057?
2166063
In base 8, what is -377 - 6547514?
-6550113
In base 6, what is 1241454 + -13?
1241441
In base 13, what is -560c3a4 - 0?
-560c3a4
In base 6, what is -1254 + -30155205?
-30200503
In base 10, what is 8 - 993749?
-993741
In base 3, what is 100 + -102222200102?
-102222200002
In base 12, what is -174968 + -121?
-174a89
In base 7, what is -44205436 + 26?
-44205410
In base 14, what is -ac1 - -34767?
33a86
In base 10, what is -40499 - -357?
-40142
In base 11, what is -aa396 - -36?
-aa360
In base 15, what is -519da - c?
-519e7
In base 12, what is 6 - 5189643?
-5189639
In base 14, what is 435 + -19a66?
-19631
In base 5, what is -23421413 - -2214?
-23414144
In base 12, what is 9576 + 309?
9883
In base 5, what is -4402 - 10134340?
-10144242
In base 2, what is 10011110 + 100000010001010100?
100000010011110010
In base 14, what is -2d9d468 - 9?
-2d9d473
In base 9, what is -362773 + 847?
-361825
In base 2, what is 101 - -101011111100001100100101?
101011111100001100101010
In base 13, what is 4 + 128a53b?
128a542
In base 9, what is 6756453 + 2?
6756455
In base 15, what is 161b + -de3?
728
In base 8, what is 1103754 - -20?
1103774
In base 11, what is 0 - 3435451?
-3435451
In base 9, what is -4063747 + 1?
-4063746
In base 14, what is 157 + 1d206?
1d35d
In base 8, what is 120756 - -1525?
122503
In base 15, what is -618ba7 + -2?
-618ba9
In base 4, what is -201113 - 1130121?
-1331300
In base 6, what is 1111525 - 4514?
1103011
In base 12, what is 1a7ab + 35?
1a824
In base 9, what is -4135 - 12052?
-16187
In base 8, what is 172274714 + -52?
172274642
In base 13, what is -5cab + 273?
-5a38
In base 12, what is -83170 - 297?
-83447
In base 4, what is 33232203232233 - 11?
33232203232222
In base 9, what is 2101564 - -15?
2101580
In base 7, what is 431005 + 2300?
433305
In base 3, what is 0 - -20121120020020?
20121120020020
In base 16, what is 3 + 5f78a5d?
5f78a60
In base 6, what is -25155545 + 203?
-25155342
In base 16, what is -3 - -3087?
3084
In base 13, what is -28 - 2824a32?
-2824a5a
In base 16, what is 5b5a2 + -bf?
5b4e3
In base 9, what is 124 + -2616?
-2482
In base 7, what is 5 + -420410041?
-420410033
In base 10, what is -325838 - 511?
-326349
In base 13, what is 3 - -44aac18?
44aac1b
In base 9, what is -16 + 1373542?
1373525
In base 14, what is -ad5907 + -3c?
-ad5945
In base 4, what is -211 - 313231313?
-313232130
In base 8, what is 2313717 + -151?
2313546
In base 14, what is -a9b + -1418?
-20b5
In base 12, what is 3160 - 114?
3048
In base 15, what is b60383 + 5?
b60388
In base 3, what is -222 + 1211212101?
1211211102
In base 5, what is 31043211 + 302?
31044013
In base 10, what is 14989 - -5878?
20867
In base 12, what is -1300827 + -3?
-130082a
In base 10, what is 53864 - 6931?
46933
In base 7, what is -42404 + -21313?
-64020
In base 3, what is -1000201201201 - 102011?
-1000202010212
In base 10, what is -136529532 + 1?
-136529531
In base 16, what is da60 + -44?
da1c
In base 10, what is 24727 - 18?
24709
In base 2, what is -110 - 101101000000001111000?
-101101000000001111110
In base 12, what is 25b8 - 15b9?
bbb
In base 10, what is -2 + 13376521?
13376519
In base 13, what is 26 - -ab671?
ab697
In base 15, what is 639a76 + -5?
639a71
In base 11, what is -118 - 1195564?
-1195681
In base 11, what is 4 - 4120969a?
-41209696
In base 2, what is -10110111001 + 1000110100011001101?
1000110001100010100
In base 6, what is 42454352 + 502?
42455254
In base 6, what is 13311414 - -35?
13311453
In base 4, what is 123223332121 + -11?
123223332110
In base 2, what is -11011111100000 - 101?
-11011111100101
In base 16, what is 1608da7 - 2?
1608da5
In base 15, what is 32d + 1ea4?
22d2
In base 7, what is 15025 + -441?
14254
In base 10, what is -262398 - 54?
-262452
In base 11, what is -887960 - -26?
-887935
In base 7, what is 244 + 5416131?
5416405
In base 5, what is 11221 - -120110?
131331
In base 15, what is -2441 - 6e2?
-2b33
In base 2, what is -1001000100111011 - 10101001110?
-1001011010001001
In base 12, what is 1690 - 22a6?
-816
In base 9, what is 352406804 + 5?
352406810
In base 9, what is -170 - -27616?
27436
In base 7, what is -333610 - -122?
-333455
In base 8, what is 105 + -22576667?
-22576562
In base 9, what is -8 + -176673826?
-176673835
In base 8, what is 11335 - -77446?
111003
In base 10, what is 5573 - 12243?
-6670
In base 5, what is 12224300 - 1203?
12223042
In base 6, what is -314205552 - 41?
-314210033
In base 6, what is -3405442 + 34?
-3405404
In base 11, what is 295 - 6311?
-6027
In base 16, what is -6 + 404f770?
404f76a
In base 2, what is 100 + -101000101100001110110011?
-101000101100001110101111
In base 3, what is -10201 + 21120102022?
21120021121
In base 13, what is -440b48c + -1?
-440b490
In base 6, what is 115003011 - 25?
115002542
In base 8, what is 31357762 + 5?
31357767
In base 8, what is 4 - 545175451?
-545175445
In base 15, what is -8 - 238157?
-238160
In base 15, what is 0 - 1772d1?
-1772d1
In base 16, what is 2579 - 16b?
240e
In base 13, what is -200b - -695?
-1646
In base 11, what is -590 - -15a8?
1018
In base 11, what is 6695 - -184?
6869
In base 14, what is -1bbb83 + -2?
-1bbb85
In base 14, what is 28 + 2d046?
2d070
In base 12, what is 7b8 + 171b87?
172783
In base 11, what is -1329290 - 0?
-1329290
In base 13, what is 421792 + -14b?
421644
In base 4, what is -1332312211 - -23?
-1332312122
In base 5, what is -3234 + 102133214?
102124430
In base 8, what is -7563354 - -7?
-7563345
In base 10, what is 397930 - -1343?
399273
In base 3, what is 201210010210 + -10?
201210010200
In base 12, what is 7baa894 + 13?
7baa8a7
In base 2, what is 1110010000011000011 - 10?
1110010000011000001
In base 15, what is -1e - -20d332?
20d313
In base 14, what is -2 + -1a50c1a?
-1a50c1c
In base 11, what is -49005261 - 3?
-49005264
In base 6, what is -112103 - -22411?
-45252
In base 15, what is 28539 - 1b?
2851d
In base 8, what is 442 + 14474?
15136
In base 7, what is 20113312 + -126?
20113153
In base 3, what is -2202 - -1021101212012?
1021101202110
In base 10, what is -5 + 2026633?
2026628
In base 12, what is -45405 + -6b24?
-50329
In base 7, what is -5000645 + -12?
-5000660
In base 7, what is -115526513 + 1?
-115526512
In base 7, what is -4 - 2465043560?
-2465043564
In base 2, what is 1000010101010101111001001 + -111?
1000010101010101111000010
In base 2, what is 100 - 1101000011101110100100010?
-1101000011101110100011110
In base 4, what is 232120312003 + 12?
232120312021
In base 2, what is 100111111001001101110111111 - -101?
100111111001001101111000100
In base 11, what is 4474988 + 1a?
44749a7
In base 5, what is -1220404 + 4100?
-1211304
In base 3, what is 121 + 1200000122202?
1200000200100
In base 10, what is -782042240 - 5?
-782042245
In base 14, what is -58 + 1997d?
19925
In base 13, what is 1a3 + 106b4?
10887
In base 11, what is -50 + 4a887a8?
4a88758
In base 8, what is -21 + -10202673?
-10202714
In base 15, what is -3085d5e + 0?
-3085d5e
In base 5, what is -12122012 + -11032?
-12133044
In base 7, what is 52 - -3006631?
3010013
In base 16, what is -733b61f4 - 5?
-733b61f9
In base 6, what is -5 + -212052043?
-212052052
In base 7, what is 234 - -245324?
245561
In base 5, what is 1 + 24120212102?
24120212103
In base 5, what is -110 - 2421404?
-2422014
In base 12, what is 249 - 97682?
-97435
In base 4, what is -13202333 - -1121020?
-12021313
In base 16, what is -1a79 - -7a?
-19ff
In base 2, what is 101100100001 + -1000101000001?
-11000100000
In base 11, what is -4 - -86a34883?
86a3487a
In base 15, what is 55243 - -5?
55248
In base 12, what is -32778 + -7b?
-32837
In base 16, what is ed3cb - -5a?
ed425
In base 15, what is 67 - 1254a?
-124d3
In base 3, what is -1212010 - 101201210?
-110120220
In base 7, what is -631326 + -3012?
-634341
In base 7, what is 4361251 - -23?
4361304
In base 15, what is -6b + 482e?
47b3
In base 8, what is -1522 + 222350?
220626
In base 10, what is -3 + 652610?
652607
In base 16, what is 2c4fd + -170b?
2adf2
In base 14, what is 32bd9b37 - -5?
32bd9b3c
In base 8, what is 5 + -62502717?
-62502712
In base 7, what is -3 - 204436546?
-204436552
In base 13, what is -162b - 60844?
-62172
In base 2, what is -1000100011000001000 - 1101100?
-1000100011001110100
In base 15, what is -3c650a + 18?
-3c64e2
In base 8, what is -700 + 762502?